8 + v. Suppose 0*z = u*z - 1435. Is z a composite number?
True
Is ((-1)/(-1) + 32712/(-48))*-4 composite?
True
Suppose 0 = 2*l + 18998 - 101140. Is l composite?
True
Let q(i) = -4150*i - 9. Let h be q(-2). Suppose -d + 20735 = 4*d + 4*z, z = -2*d + h. Is d composite?
True
Let s(z) = -z**3 + z**2 + z + 1373. Let x = -37 + 37. Let j be s(x). Suppose -4*g + 2099 = 5*o, -5*o + 727 = 5*g - j. Is o a composite number?
False
Let j(d) = -25942*d**3 - d**2 + 2*d + 2. Let i be j(-1). Suppose -5*l + 3*q + i = 2873, -5*q + 4608 = l. Is l composite?
True
Suppose 4*n - 2940 = 2*k, -3*k - n + 496 - 4871 = 0. Let q = -405 - k. Is q prime?
False
Let a(d) = -d**3 + 6*d**2 + 8*d + 3. Let o be (4/(-3))/(36/(-81)). Suppose t - o - 4 = 0. Is a(t) prime?
False
Suppose 5*w - 125062 = 3*v, 10*w - 12*w = -3*v - 50023. Is w composite?
False
Let a(m) = -221*m + 15. Let q be a(-5). Suppose 2*n - q - 1078 = 0. Is n composite?
True
Let p(q) = 4*q**3 + 14*q**2 - 7*q - 18. Let f be p(9). Let l = f - 2788. Is l a prime number?
True
Let k(t) = -396*t**3 + t**2 + t + 27. Is k(-4) composite?
True
Suppose t + 2*t + 2 = c, 3*t + 4*c + 7 = 0. Let w(y) = 1215*y**2 + 3*y + 1. Is w(t) composite?
False
Let n = 15329 + -2573. Is 2/(-8) - n/(-16) a composite number?
False
Let o(n) = -15*n**3 - n**2 - 5 - n**2 + 3*n - 12*n. Is o(-3) composite?
False
Is (211/5)/((-33)/(-495)) a composite number?
True
Let f(t) = -t**2 - 17*t + 18. Let d be f(-13). Suppose -3*y + 1993 = 2*p, 0 = -y - 5*p + d + 577. Is y composite?
True
Suppose 0*w = -3*w - 4*y + 3723, 4971 = 4*w + 3*y. Suppose 2*z = 5*z - w. Is z a prime number?
False
Suppose -66190 = -8*c + 10338. Is c a prime number?
False
Suppose -2*y - 1446 = -2*b, 32*b + y - 1431 = 30*b. Is b composite?
True
Let w = -27617 + 39868. Is w prime?
True
Suppose 0*b - 2*b + 412 = 0. Is (-9)/6*b/(-3) prime?
True
Suppose -12062 = -4*m + 5*x, 4*x = 3*m - 0*m - 9047. Is m a prime number?
False
Let q = 0 - -5. Suppose q*r - 1615 = -4*w, 0 = 4*r - 0*w + 5*w - 1301. Is r a composite number?
True
Is 15/(-1 + 4)*(-573294)/(-30) a prime number?
True
Suppose 0 = -7*j + 2357 - 124. Is j composite?
True
Suppose -5*c - t + 3421 = 0, -c - 2*t + t = -681. Is c prime?
False
Suppose 2*l - 9*n + 12*n = -1509, 2*l + 1515 = -n. Let c = l - -1450. Is c composite?
False
Let t = -8 - -8. Suppose t = -7*c + 4466 + 3353. Is c prime?
True
Let u be (-18)/(-18) - (-1189 - 0/1). Suppose 2*f - 3*s - u = 338, -3*f + 2289 = -3*s. Is f composite?
False
Let x(b) = 740*b**3. Let t be x(1). Suppose 0 = -4*q + 528 + t. Is q composite?
False
Suppose 4*b + 8 + 4 = 0. Let r be -8 - 4/(b/(-3)). Is (-5593)/(-4) - 9/r a composite number?
False
Suppose -524 - 1060 = -8*i. Suppose 197*w - i*w = -223. Is w a composite number?
False
Let t(l) be the first derivative of -l**3/3 + 11*l**2/2 + 15*l - 5. Let i be t(12). Suppose -i*x + 0*x + 1005 = 0. Is x a prime number?
False
Is -4 + 13442 - (-6)/4*2 a composite number?
False
Let o(i) be the second derivative of i**5/20 - 5*i**4/12 - i**3/3 + 11*i**2/2 - 14*i - 8. Suppose -18 = 5*x - 58. Is o(x) a composite number?
True
Suppose -3*u + 2 = -5*t + 18, 2*u - 2*t + 16 = 0. Let r = u + 11. Is r*(-317 + 0 + 0) composite?
False
Is -6 + ((-15)/(-5) - -27250) prime?
False
Let a(t) = 2*t - 7. Let y be a(5). Suppose 4068 = y*v - 6711. Is v prime?
True
Let a(v) = v + 18. Let q be a(9). Suppose -4*m + b + 205 = m, b + 85 = 2*m. Let w = m + q. Is w a prime number?
True
Suppose n - 25730 = -5*k + k, 2*n = -4*k + 25728. Is k a composite number?
True
Let z(l) be the second derivative of 77*l**6/20 - l**4/24 - l**3/3 + 9*l. Let g(n) be the second derivative of z(n). Is g(-1) a composite number?
True
Let u(k) = -439*k - 1. Let g be u(-1). Let p(h) = 97*h - 444. Let w be p(13). Let z = w - g. Is z composite?
False
Let d = -4 + 6. Suppose 5*m - x = 1053, -3*x + 251 - 667 = -d*m. Is m composite?
False
Let i(h) = h**3 - 9*h**2 + 7*h + 2. Let l = -14 + 14. Let m = 9 + l. Is i(m) prime?
False
Let w(k) = -1538*k - 10. Let a be w(-3). Suppose -f - 193 = -a. Is f composite?
True
Let b = -22 - -26. Suppose 7*r - b*n - 1644 = 3*r, -5*n - 20 = 0. Is r composite?
True
Let f(g) = 3*g**2 - 12*g - 14. Let l(v) be the third derivative of v**5/60 - v**4/6 - 5*v**3/6 - 3*v**2. Let r(s) = 3*f(s) - 8*l(s). Is r(7) composite?
False
Suppose 18*f = 22*f - 101880. Suppose -f + 3329 = -7*t. Is t composite?
False
Let f(n) be the second derivative of -11*n**5/20 - 5*n**4/12 - n**3/2 - 5*n**2 - 6*n. Is f(-5) a prime number?
False
Let b(q) = q - 5 + 2 + 10*q**2 + 5*q. Let x = -7 - -2. Is b(x) a composite number?
True
Suppose -2*q = 237 + 819. Let i = 997 + q. Is i composite?
True
Suppose 3*d + 2*o + 2*o + 71 = 0, -o - 73 = 4*d. Let v = d - -20. Suppose v*j = j + 1778. Is j prime?
False
Suppose -38*n + 48*n - 21610 = 0. Is n a prime number?
True
Is (-12 + 13)/((-2)/(-103862)) a composite number?
True
Suppose -3*i + 5779 = 4*l, 2*i - 238 = -3*l + 3616. Is i a composite number?
True
Is (-1333)/62*1*-74 a prime number?
False
Let z(f) = 54*f**2 - 18*f + 20. Let c be z(12). Suppose 9*y + y - c = 0. Is y a composite number?
True
Let c(i) = -i**3 + 26*i**2 + 2*i + 13. Let q be 27/(1/((-6)/(-9))). Is c(q) prime?
False
Let n = 44996 - 30375. Is n a composite number?
False
Let j(z) = -z**3 - 6*z**2 + 5*z - 6. Let q be j(-7). Suppose -l = y - 5*l - 23, q = y - l. Suppose y*c - 2831 = -596. Is c a prime number?
False
Suppose 2*c + 4*k - 3498 = 0, 1900 = 3*c + 4*k - 3357. Is c a composite number?
False
Let l(q) = 18*q - 4 - 2 - 10 + 1. Is l(11) composite?
True
Let n(b) = 29*b**2 - 3*b - 1. Let w = -26 - -29. Is n(w) composite?
False
Suppose -15*n + 19*n + 5*y - 49029 = 0, n + 4*y - 12271 = 0. Is n prime?
True
Let a = 766 + 276. Suppose -5*q = w - 1736, -4*w + 3*w + a = 3*q. Is q prime?
True
Let r(a) = -a**2 - 6*a + 253 - a**3 + 6*a + a. Let z be r(0). Is 6/12*(z - -1) a prime number?
True
Let p(l) = -90*l - 29. Is p(-10) a prime number?
False
Let c(z) = 2*z - 4. Let g be c(3). Suppose -64 - 190 = -g*l. Is l a prime number?
True
Let a = 2 + 1. Suppose -a*h + 108 + 141 = 0. Suppose -b = -0*b - h. Is b prime?
True
Is -3 + 15/(120/62048) a prime number?
True
Let o = 19304 - 183. Is o a composite number?
False
Let s(g) = 12*g**2 - 18*g - 71. Is s(-36) a prime number?
False
Let s = 17705 - 25261. Let c be (-8)/(-20) - s/10. Is c/16 - (-1)/(-4) a prime number?
True
Let r = -5 + 4. Is 3972/15 - r/5 composite?
True
Suppose -3*f - h = -73316, -27250 = -4*f + 4*h + 70478. Is f composite?
True
Suppose -32*i = -7*i - 84725. Is i a prime number?
True
Suppose 5*p + 108 - 663 = 0. Suppose 0 = -5*b - 3*m + 94, 4*b - p = 5*m - 21. Is 8/b - (-206)/10 a composite number?
True
Let x(c) = -c**2 + c - 8. Let s(a) = -2*a**2 + 2*a - 17. Let j(v) = -3*s(v) + 5*x(v). Is j(-10) a prime number?
False
Let i(d) = -4*d**2 + 4*d - 3 + d + 4*d**3 - 1. Suppose 2*t = y + 8, -5*y = -4*t - 9*y + 4. Is i(t) a prime number?
True
Let z = 47 + -42. Suppose -3*f - f = -z*p + 18, 4*p - 4*f - 12 = 0. Is p composite?
True
Let t(x) = -x - 6. Let k be t(-5). Let v = 5 - 11. Is (4 + k - v) + 1 prime?
False
Let p = 20149 - 13542. Is p a prime number?
True
Let y = 27258 - 13115. Is y composite?
False
Let z = -23 - -36. Let q = z - 11. Suppose q*c = 4*c - 238. Is c composite?
True
Suppose 2*s + 3*s = 735. Let u = s + -36. Is u composite?
True
Let h(t) = -3*t + 3. Let i be h(-1). Is (-87)/(-2*i/20) prime?
False
Let j = 752 - -1766. Suppose -c = -3*c + j. Is c prime?
True
Let r(n) = n**3 + 9*n**2 - 11*n + 5. Let b be -10 + (1/1 - 2). Let u = 3 + b. Is r(u) composite?
False
Let k(g) = -g**2 + 1. Suppose -4*u + 14 = 2*l, -3*l + 8*l - 2*u + 13 = 0. Let i be k(l). Suppose 2*y - 140 - 146 = i. Is y a prime number?
False
Suppose 4 = -7*s + 88. Suppose 9*n = s*n - 2067. Is n a composite number?
True
Let k = 82 + 1. Suppose 0 = 4*n - q - 1057, 4*q + 615 = 2*n + k. Suppose -w + 5 - 3 = 0, 2*w + n = 4*s. Is s composite?
False
Let o = 4 - 8. Let n(v) = v**2 - 1 + 7*v**2 + 0. Is n(o) a prime number?
True
Let b(l) be the third derivative of 1/30*l**5 - 4*l**2 - 1/12*l**4 + 19/30*l**6 + 0 + 1/6*l**3 + 0*l. Is b(1) a composite number?
True
Suppose -34*c = -35*c + 309. Let q be (4/(-5))/((-10)/7025). Let n = q - c. Is n a composite number?
True
Let l(y) = 2*y + 6. Let c = 15 - 26. Let p